What are the prime factors of 918549473?
918549473
List the prime factors of 38974248.
2, 3, 541309
List the prime factors of 2607879340.
2, 5, 11, 31, 389, 983
List the prime factors of 302470754.
2, 29, 5215013
What are the prime factors of 152195661?
3, 2707, 6247
List the prime factors of 2109892813.
7, 6151291
What are the prime factors of 63906941?
7, 9129563
List the prime factors of 105234742.
2, 967, 54413
List the prime factors of 4395270254.
2, 59, 769, 48437
What are the prime factors of 3080272640?
2, 5, 2406463
What are the prime factors of 38443488?
2, 3, 23, 757
List the prime factors of 366919995.
3, 5, 13, 1881641
What are the prime factors of 112519474?
2, 56259737
What are the prime factors of 97418055?
3, 5, 7, 927791
What are the prime factors of 368115427?
368115427
What are the prime factors of 1150127603?
1150127603
List the prime factors of 76526955.
3, 5, 463, 3673
What are the prime factors of 177856367?
13, 13681259
List the prime factors of 1528174024.
2, 13, 29, 506689
List the prime factors of 89665922.
2, 17, 43, 61331
What are the prime factors of 3762008560?
2, 5, 109, 431423
What are the prime factors of 14370504?
2, 3, 37, 16183
What are the prime factors of 104898333?
3, 79, 442609
What are the prime factors of 248137063?
181, 197, 6959
List the prime factors of 315132634.
2, 293, 537769
What are the prime factors of 264725765?
5, 19, 2786587
What are the prime factors of 581911537?
19, 30626923
List the prime factors of 26569709.
61, 435569
List the prime factors of 330268763.
11, 30024433
What are the prime factors of 1428635834?
2, 17, 3779, 11119
List the prime factors of 11937012.
2, 3, 994751
What are the prime factors of 2065833991?
13, 61, 2605087
List the prime factors of 409955746.
2, 61, 127, 26459
What are the prime factors of 779571628?
2, 11, 17717537
List the prime factors of 155901854.
2, 29, 257, 10459
List the prime factors of 1922512641.
3, 7, 91548221
What are the prime factors of 505940902?
2, 29, 41, 151, 1409
List the prime factors of 329789930.
2, 5, 167, 197479
What are the prime factors of 5692343447?
7, 13043, 62347
List the prime factors of 306065951.
3967, 77153
List the prime factors of 451063916.
2, 131, 860809
What are the prime factors of 7475186?
2, 3737593
What are the prime factors of 50891184?
2, 3, 353411
List the prime factors of 23929990.
2, 5, 7, 103, 3319
List the prime factors of 13397880.
2, 3, 5, 311, 359
List the prime factors of 1885485896.
2, 7, 251, 19163
What are the prime factors of 23355656?
2, 269, 10853
List the prime factors of 1045002415.
5, 6091, 34313
What are the prime factors of 313982758?
2, 17, 509, 18143
What are the prime factors of 303147180?
2, 3, 5, 7, 47, 5119
What are the prime factors of 235197151?
7, 61, 550813
What are the prime factors of 725738952?
2, 3, 131, 230833
List the prime factors of 225252315.
3, 5, 19, 109, 2417
List the prime factors of 89156569.
19, 37, 126823
What are the prime factors of 26560212?
2, 3, 7, 316193
List the prime factors of 49105652.
2, 19, 787, 821
List the prime factors of 37226387.
11, 3384217
List the prime factors of 479889175.
5, 17, 19, 67, 887
What are the prime factors of 49864056?
2, 3, 11, 19, 9941
What are the prime factors of 67784858?
2, 113, 299933
List the prime factors of 256547755.
5, 173, 296587
List the prime factors of 947055741.
3, 19, 16615013
What are the prime factors of 2297653264?
2, 23, 6243623
List the prime factors of 78018672.
2, 3, 83, 19583
List the prime factors of 507869460.
2, 3, 5, 7, 29, 41, 113
What are the prime factors of 55205085?
3, 5, 13, 101, 2803
List the prime factors of 27768626.
2, 43, 322891
What are the prime factors of 196333920?
2, 3, 5, 136343
What are the prime factors of 2308142008?
2, 1249, 230999
List the prime factors of 59040924.
2, 3, 61, 80657
List the prime factors of 61880891.
19, 3256889
List the prime factors of 251474392.
2, 13, 617, 3919
List the prime factors of 5011840468.
2, 25121, 49877
List the prime factors of 494529207.
3, 19, 179, 2551
List the prime factors of 337830394.
2, 11, 23, 667649
What are the prime factors of 90992080?
2, 5, 239, 4759
What are the prime factors of 55683586?
2, 7, 317, 12547
List the prime factors of 6940831378.
2, 13, 266955053
What are the prime factors of 170972472?
2, 3, 11, 43, 15061
What are the prime factors of 178835616?
2, 3, 620957
List the prime factors of 3561294220.
2, 5, 11, 1499, 10799
List the prime factors of 496141607.
13, 38164739
List the prime factors of 1425236204.
2, 7, 29, 43, 40819
List the prime factors of 185952123.
3, 7, 2951621
List the prime factors of 3730406326.
2, 1865203163
List the prime factors of 19847720.
2, 5, 496193
List the prime factors of 2572229875.
5, 20577839
List the prime factors of 49556606.
2, 11, 311, 7243
List the prime factors of 4637337320.
2, 5, 7, 11, 881, 1709
What are the prime factors of 17942780?
2, 5, 37, 24247
List the prime factors of 23730503.
23, 1031761
List the prime factors of 42564561.
3, 13, 1091399
What are the prime factors of 5894303451?
3, 31, 463, 136889
List the prime factors of 1904291421.
3, 43, 2593, 5693
List the prime factors of 8002442.
2, 7, 571603
What are the prime factors of 727205020?
2, 5, 2381, 15271
What are the prime factors of 215049529?
29, 7415501
List the prime factors of 773074032.
2, 3, 31, 519539
List the prime factors of 25997802.
2, 3, 4332967
List the prime factors of 57894273.
3, 19, 338563
What are the prime factors of 1124362702?
2, 5051, 111301
List the prime factors of 29514731.
47, 627973
What are the prime factors of 427529340?
2, 3, 5, 7, 59, 71
What are the prime factors of 856576304?
2, 23, 2327653
What are the prime factors of 1400681197?
19, 73720063
What are the prime factors of 156973142?
2, 2503, 31357
List the prime factors of 1220457094.
2, 103, 1613, 3673
What are the prime factors of 2006198195?
5, 61, 6577699
What are the prime factors of 278254073?
149, 1867477
List the prime factors of 45767319.
3, 13, 1173521
List the prime factors of 79702602.
2, 3, 7, 1897681
List the prime factors of 3984130.
2, 5, 239, 1667
List the prime factors of 726295438.
2, 11, 419, 78791
List the prime factors of 1302364840.
2, 5, 7, 4651303
What are the prime factors of 2227173012?
2, 3, 4583, 13499
What are the prime factors of 403332948?
2, 3, 43, 260551
What are the prime factors of 792086998?
2, 67, 5911097
What are the prime factors of 851862091?
851862091
List the prime factors of 1163511312.
2, 3, 823, 29453
List the prime factors of 380054209.
8191, 46399
List the prime factors of 309247953.
3, 7, 41, 193, 1861
What are the prime factors of 190302311?
67, 1069, 2657
What are the prime factors of 16697300?
2, 5, 166973
What are the prime factors of 84280558?
2, 167, 1511
What are the prime factors of 754041754?
2, 151, 2496827
List the prime factors of 1326553251.
3, 442184417
List the prime factors of 81306598.
2, 487, 83477
List the prime factors of 22471344.
2, 3, 7, 2477
What are the prime factors of 6100760650?
2, 5, 1823, 66931
List the prime factors of 253765045.
5, 19, 2671211
What are the prime factors of 699455725?
5, 109, 283, 907
List the prime factors of 332968813.
577, 577069
List the prime factors of 246640692.
2, 3, 17, 71119
List the prime factors of 488073420.
2, 3, 5, 313, 8663
What are the prime factors of 109222779?
3, 37, 71, 13859
What are the prime factors of 1804974112?
2, 89, 7121
List the prime factors of 3220283069.
31, 173, 600463
What are the prime factors of 72079028?
2, 7, 2574251
List the prime factors of 711174477.
3, 13, 1402711
List the prime factors of 90489622.
2, 45244811
What are the prime factors of 26206617?
3, 1447, 6037
What are the prime factors of 2199813075?
3, 5, 9776947
List the prime factors of 673006038.
2, 3, 59, 1901147
What are the prime factors of 2288811342?
2, 3, 37, 311, 33151
What are the prime factors of 78301919?
78301919
What are the prime factors of 363328424?
2, 23, 47, 42013
List the prime factors of 15342822.
2, 3, 11, 77489
What are the prime factors of 27140334?
2, 3, 13, 349, 997
List the prime factors of 13504834.
2, 7, 17, 179, 317
List the prime factors of 5555360565.
3, 5, 71, 83, 6983
List the prime factors of 3809960378